2
In base 16, what is -3 + -547d?
-5480
In base 9, what is -5 - -3358?
3353
In base 9, what is -6 + -18331?
-18337
In base 15, what is 7b08 + -3?
7b05
In base 11, what is -28 + -48785?
-48802
In base 9, what is 15671 - 15?
15655
In base 8, what is 112 + -1411?
-1277
In base 16, what is -108218 - 2?
-10821a
In base 12, what is -8a755 + 5?
-8a750
In base 14, what is -1313d - -10?
-1312d
In base 16, what is -241 - 496?
-6d7
In base 5, what is -423 - -2022413?
2021440
In base 13, what is -20c73 - 0?
-20c73
In base 5, what is 4214 - 42?
4122
In base 12, what is -1 + b660?
b65b
In base 12, what is -2 + 86383?
86381
In base 4, what is 2 + 11210330?
11210332
In base 11, what is 2a0 - 1806?
-1516
In base 14, what is 91051 + 2?
91053
In base 4, what is 3 - 10223200?
-10223131
In base 10, what is -5 - 33952?
-33957
In base 12, what is -4 + 153248?
153244
In base 5, what is 310211104 + 3?
310211112
In base 5, what is -20 + -11002212?
-11002232
In base 11, what is 6 + 2650?
2656
In base 16, what is 85d - 2?
85b
In base 11, what is -759 + -1708?
-2366
In base 8, what is 66515 + -11?
66504
In base 8, what is 37 - -13?
52
In base 10, what is 7 - 7545?
-7538
In base 16, what is 3 - -5539?
553c
In base 6, what is -301055 + -33?
-301132
In base 13, what is -822 + -a0?
-8c2
In base 3, what is 112 - -102211001?
102211120
In base 6, what is 100143 + -1?
100142
In base 5, what is 20101 + 1023?
21124
In base 9, what is -1 - 147688?
-147700
In base 13, what is 433c8b + -4?
433c87
In base 4, what is -11 - -20232212?
20232201
In base 8, what is -33 + -1660?
-1713
In base 15, what is -31b408 - -4?
-31b404
In base 10, what is 2648 - -2?
2650
In base 8, what is -26216211 + 2?
-26216207
In base 14, what is -111 - -1127?
1016
In base 15, what is -31770 + 2?
-3176d
In base 12, what is a - 4b3a4?
-4b396
In base 16, what is bbda4 - -3?
bbda7
In base 15, what is 80b7 - 66?
8051
In base 14, what is 1 - 4c78?
-4c77
In base 14, what is 317d5 + 5?
317da
In base 12, what is 3660bb + -5?
3660b6
In base 7, what is 562322 + 2?
562324
In base 9, what is 11618 + 27?
11646
In base 9, what is 17588 - 13?
17575
In base 9, what is -13 + 144122?
144108
In base 10, what is 7516 + 3?
7519
In base 3, what is -2211002 - 101221?
-10020000
In base 4, what is 1230023110 + 12?
1230023122
In base 8, what is 546 + -2412?
-1644
In base 7, what is 516 - 556?
-40
In base 14, what is 4 - -bc740?
bc744
In base 11, what is 86163 + 0?
86163
In base 3, what is 1012020 - -10012?
1022102
In base 12, what is 1 + 50a9?
50aa
In base 3, what is 10011222 + -1000?
10010222
In base 8, what is 4242 + 113?
4355
In base 12, what is 13 - 14542?
-1452b
In base 14, what is 204a - 108?
1d42
In base 11, what is -1 + -72612?
-72613
In base 7, what is -50446 + 2?
-50444
In base 16, what is -8c1 - 1?
-8c2
In base 13, what is -438c - -8?
-4384
In base 4, what is -101113 + 31023?
-10030
In base 3, what is 11022 - -22011?
110110
In base 12, what is -4b43 + 3?
-4b40
In base 10, what is -43748 - 4?
-43752
In base 6, what is 24 + -12554?
-12530
In base 7, what is 162555 + 0?
162555
In base 5, what is -3 + -4212310?
-4212313
In base 13, what is 0 - 3a568?
-3a568
In base 14, what is 203666 + -4?
203662
In base 12, what is 221b + 70?
228b
In base 13, what is 0 - 2062?
-2062
In base 10, what is 10764 - -21?
10785
In base 5, what is 21242232 + 1?
21242233
In base 15, what is -18 - -37e?
366
In base 13, what is -2c86 - 0?
-2c86
In base 5, what is 1024222211 + -10?
1024222201
In base 12, what is -1142b + 78?
-11373
In base 15, what is d - -874?
882
In base 3, what is -2100112022 + 122?
-2100111200
In base 7, what is -3 - 355222?
-355225
In base 15, what is c82 - 52b?
756
In base 4, what is -100101 - 202?
-100303
In base 8, what is -53655 + 4?
-53651
In base 14, what is 9d0158 + 1?
9d0159
In base 2, what is -1001110111 - -11000?
-1001011111
In base 16, what is a4 - -540?
5e4
In base 6, what is -2342 + -22411?
-25153
In base 11, what is 1523 - 13?
1510
In base 11, what is 11310 + -40a?
10a01
In base 2, what is -11 - -1111100010111?
1111100010100
In base 16, what is -14d8a + -1?
-14d8b
In base 3, what is -1 - 1101110012?
-1101110020
In base 13, what is -b33c81 + -4?
-b33c85
In base 5, what is 4303 - 23400?
-14042
In base 2, what is 10010100100 + -1101101?
10000110111
In base 2, what is -110010 - -11110100001?
11101101111
In base 15, what is 453 + -25?
42d
In base 6, what is 2 + -3525030?
-3525024
In base 12, what is -3 + b031?
b02a
In base 2, what is 1001000011110110 - 1?
1001000011110101
In base 8, what is 165503 - -4?
165507
In base 4, what is 1220 - -110230?
112110
In base 7, what is 212 + -14321?
-14106
In base 5, what is 13413 - -1022?
14440
In base 6, what is -4 + -2140311?
-2140315
In base 13, what is 76ba + 25?
7712
In base 13, what is 1 - 3cbb2?
-3cbb1
In base 12, what is 6a025 + 0?
6a025
In base 8, what is -2045 - -464?
-1361
In base 12, what is -12a + 1a?
-110
In base 3, what is 2010 - 2010212112?
-2010210102
In base 12, what is -498b + 27?
-4964
In base 3, what is -1101 - -1020000?
1011122
In base 8, what is 201105 - -6?
201113
In base 8, what is 1120363 - 2?
1120361
In base 2, what is 100000001100000 - -11111000?
100000101011000
In base 4, what is 102222331 + -301?
102222030
In base 8, what is 1202 + -7?
1173
In base 11, what is -6 - 2995?
-29a0
In base 10, what is 4 + 1468139?
1468143
In base 4, what is -1303 + 13212?
11303
In base 16, what is -696 + -6?
-69c
In base 16, what is 1f2d + 29?
1f56
In base 9, what is -36556 + 4?
-36552
In base 2, what is -1110111010111 + -10110110?
-1111010001101
In base 14, what is 4 - -511cd?
511d3
In base 6, what is -4 - 1030343?
-1030351
In base 12, what is 4636 - -12?
4648
In base 4, what is 1100 - -1303?
3003
In base 7, what is -4460 - -1562?
-2565
In base 5, what is -2422323 - -2?
-2422321
In base 15, what is 1 + 362?
363
In base 3, what is 2 - 2002001?
-2001222
In base 10, what is -94 + -1558?
-1652
In base 16, what is -4d17 - -b?
-4d0c
In base 13, what is 2 - -25929?
2592b
In base 8, what is -10756 - 422?
-11400
In base 4, what is 130211112 + -11?
130211101
In base 12, what is 2971a3 + 2?
2971a5
In base 12, what is -393538 - -1?
-393537
In base 14, what is -3b + 10ac?
1071
In base 14, what is 1cbd6 + 0?
1cbd6
In base 9, what is 6637081 + -3?
6637077
In base 14, what is 828 + 97?
8c1
In base 11, what is -122a47 - 5?
-122a51
In base 15, what is -6 - 1019?
-1020
In base 14, what is -8c3 + 5?
-8bc
In base 7, what is 2 - 3456125?
-3456123
In base 14, what is 27 + 6c8?
711
In base 9, what is -12 + 752?
740
In base 2, what is -100011 - 11010101100?
-11011001111
In base 6, what is 3 - -42441444?
42441451
In base 6, what is 51234 + -52?
51142
In base 2, what is -11 - -100010110000?
100010101101
In base 8, what is 642 - -1012?
1654
In base 9, what is -2868158 - -5?
-2868153
In base 15, what is -c34a - 1?
-c34b
In base 10, what is 6 - -92889?
92895
In base 13, what is -31 + -1818?
-1849
In base 11, what is 1799 + a01?
269a
In base 10, what is 36 - 2385?
-2349
In base 12, what is b0882 - 5?
b0879
In base 13, what is 2036 + -1bc?
1b47
In base 14, what is -39589b + 2?
-395899
In base 7, what is 24521 + -46?
24442
In base 11, what is 38 + 502?
53a
In base 6, what is 224 + 52450?
53114
In base 12, what is 0 + -130b3?
-130b3
In base 2, what is -10001010100 + 11100001000?
1010110100
In base 2, what is 11011011001100 + -11?
11011011001001
In base 12, what is -12bb7 - -1?
-12bb6
In base 11, what is -42 + -708?
-74a
In base 12, what is -1 - 6286b1?
-6286b2
In base 13, what is 1c880 + -1?
1c87c
In base 6, what is -123022 + -5?
-123031
In base 2, what is 1000 - -10000010110000010?
10000010110001010
In base 8, what is 4 + 41562?
41566
In base 9, what is 13 + 2032?
2045
In base 8, what is 417 + -1004?
-365
In base 6, what is 210403 + -4?
210355
In base 2, what is -10010101000 + 10011111000?
1010000
In base 14, what is 2 + -4814d?
-4814b
In base 14, what is -1 - -44aa4?
44aa3
In base 3, what is 121 + -101101111?
-101100220
In base 12, what is -67 - -1521?
1476
In base 9, what is -542035 + 4?
-542031
In base 9, what is 4 - 2802542?
-2802537
In base 4, what is -1033 - -1020320?
1013221
In base 9, what is -7 - 315?
-323
In base 8, what is 5 + -243644?
-243637
In base 13, what is -326 - 9b?
-3c4
In base 15, what is 6bb